mposite?
True
Is 1306121 a composite number?
False
Is 7354423 composite?
False
Is 43068067 composite?
True
Is 1218089 prime?
True
Is 5051281 composite?
False
Is 17674759 a composite number?
False
Is 75836351 prime?
True
Is 23409679 a composite number?
True
Is 16327567 a composite number?
True
Is 765689 prime?
False
Is 24886007 prime?
True
Is 106657927 a prime number?
True
Is 141129641 prime?
True
Is 36727153 a composite number?
True
Is 14511691 composite?
True
Is 331691 prime?
True
Is 2262811 a composite number?
False
Is 31379969 composite?
False
Is 92272093 composite?
True
Is 79096603 a composite number?
True
Is 9897779 a composite number?
True
Is 1222679 prime?
True
Is 16834273 prime?
True
Is 28472641 prime?
False
Is 8824349 a composite number?
True
Is 1185503 composite?
True
Is 65526481 a prime number?
True
Is 10086599 composite?
False
Is 13561381 composite?
False
Is 8592431 a composite number?
False
Is 47943911 composite?
False
Is 15347723 composite?
True
Is 506587 composite?
True
Is 3140407 composite?
False
Is 89255681 a prime number?
False
Is 178353143 a composite number?
False
Is 513273 a prime number?
False
Is 2942063 a prime number?
True
Is 7924489 a composite number?
True
Is 9807205 a prime number?
False
Is 463057081 a composite number?
True
Is 329704943 prime?
True
Is 1158049 a composite number?
True
Is 17028721 composite?
True
Is 1014493 prime?
True
Is 1042411 prime?
False
Is 134289305 a prime number?
False
Is 16731917 a composite number?
False
Is 6023149 composite?
True
Is 10753277 a composite number?
False
Is 19634477 a prime number?
True
Is 536969 prime?
False
Is 778727 composite?
False
Is 9958681 a composite number?
False
Is 2421869 prime?
False
Is 232655609 composite?
False
Is 434183 composite?
True
Is 2301181 prime?
False
Is 78892379 prime?
False
Is 42741341 a prime number?
True
Is 2029483 a composite number?
False
Is 17973043 composite?
True
Is 58592119 composite?
False
Is 269386033 a composite number?
True
Is 13067239 a prime number?
False
Is 12476891 composite?
True
Is 734039529 composite?
True
Is 226447649 a composite number?
False
Is 49688317 prime?
False
Is 173941177 composite?
True
Is 8750857 a prime number?
True
Is 10243745 a composite number?
True
Is 47383799 a composite number?
False
Is 14368429 a composite number?
True
Is 1854971 a prime number?
True
Is 2579363 composite?
False
Is 20595403 composite?
False
Is 3900817 a prime number?
True
Is 58360307 prime?
True
Is 83278418 a prime number?
False
Is 7217863 a prime number?
True
Is 1936097 a composite number?
False
Is 10073099 a prime number?
False
Is 218173243 composite?
False
Is 5034665 prime?
False
Is 478129 prime?
True
Is 88177769 a prime number?
True
Is 4189331 composite?
True
Is 67886843 a composite number?
False
Is 47041681 prime?
False
Is 457990219 a prime number?
True
Is 2084017 composite?
True
Is 26958887 composite?
True
Is 593305 composite?
True
Is 8679739 prime?
True
Is 70008569 a composite number?
False
Is 441379711 composite?
False
Is 98723899 prime?
True
Is 721108813 composite?
False
Is 52317283 a composite number?
True
Is 6731 a prime number?
False
Is 49285721 prime?
True
Is 28971287 a composite number?
False
Is 2540731 a composite number?
True
Is 190280641 composite?
False
Is 114991 composite?
True
Is 93187511 prime?
False
Is 281851107 a prime number?
False
Is 1248343 prime?
False
Is 3355117 a composite number?
True
Is 72134 a prime number?
False
Is 53637953 composite?
False
Is 6281773 a prime number?
False
Is 877087 composite?
True
Is 26146987 composite?
False
Is 142443449 a prime number?
True
Is 307091795 composite?
True
Is 51474209 prime?
True
Is 23279702 a composite number?
True
Is 21373321 prime?
False
Is 59822677 a prime number?
False
Is 119557 prime?
True
Is 206548493 composite?
False
Is 64013141 prime?
False
Is 871261 composite?
True
Is 1320091 a prime number?
True
Is 62317627 a composite number?
False
Is 60139861 a prime number?
True
Is 4994789 a composite number?
False
Is 66102383 prime?
False
Is 5154371 composite?
False
Is 17067835 a prime number?
False
Is 402077761 a prime number?
False
Is 41815339 composite?
True
Is 4049707 a prime number?
True
Is 12644353 composite?
False
Is 98167799 prime?
False
Is 3716039 composite?
True
Is 2132059 composite?
True
Is 201108143 a composite number?
False
Is 2253311 composite?
False
Is 32495009 a composite number?
False
Is 2142094 a composite number?
True
Is 7283917 composite?
True
Is 152018071 a prime number?
True
Is 83165191 prime?
False
Is 7725053 a prime number?
False
Is 23152093 a composite number?
False
Is 1941047 prime?
False
Is 21181981 a prime number?
False
Is 2647243 a composite number?
False
Is 251153 a composite number?
True
Is 269938247 a composite number?
False
Is 1925039 a prime number?
True
Is 13294273 composite?
True
Is 3045961 composite?
True
Is 1364054677 a composite number?
True
Is 17231251 a prime number?
False
Is 1574299 a prime number?
False
Is 14017513 composite?
True
Is 17824799 prime?
True
Is 46459717 a prime number?
True
Is 22365269 a composite number?
True
Is 233331311 prime?
False
Is 1265433661 a composite number?
False
Is 365903 prime?
True
Is 735818 composite?
True
Is 1135451 prime?
True
Is 13602467 prime?
False
Is 3635011 a prime number?
True
Is 1259689 composite?
False
Is 183753067 a composite number?
True
Is 42872369 composite?
True
Is 554636001 a composite number?
True
Is 4283977 a prime number?
False
Is 7205893 prime?
True
Is 6642593 prime?
True
Is 5246699 composite?
True
Is 1195735901 a composite number?
False
Is 351881 composite?
True
Is 372527887 a prime number?
False
Is 201869567 prime?
False
Is 17560957 a composite number?
True
Is 3470279 composite?
True
Is 475037 prime?
True
Is 3173297 a prime number?
False
Is 567779 a composite number?
False
Is 15513599 prime?
True
Is 3975577 composite?
False
Is 4387319 a prime number?
False
Is 541491421 prime?
False
Is 15394439 a composite number?
False
Is 250534379 composite?
True
Is 21063383 prime?
False
Is 52533277 a composite number?
True
Is 311187571 prime?
True
Is 216863201 composite?
False
Is 19252735 prime?
False
Is 35983837 a composite number?
False
Is 969743 prime?
True
Is 1788097 prime?
True
Is 67595329 composite?
False
Is 9093179 a composite number?
True
Is 187339909 a composite number?
False
Is 3814721 prime?
True
Is 10855733 prime?
False
Is 153234421 prime?
True
Is 858679 a composite number?
True
Is 171453319 a prime number?
False
Is 128485319 composite?
False
Is 1557287 a composite number?
False
Is 40841219 composite?
False
Is 108439103 a prime number?
False
Is 8777993 prime?
False
Is 24594307 a composite number?
True
Is 380591 a composite number?
False
Is 7609874 prime?
False
Is 1363081 composite?
False
Is 149786233 a prime number?
True
Is 3552137 prime?
True
Is 27547981 composite?
True
Is 22543685 composite?
True
Is 1008048713 a composite number?
True
Is 234860267 prime?
False
Is 652117 a prime number?
True
Is 758243 prime?
True
Is 97771 composite?
False
Is 94347079 a prime number?
True
Is 12325057 composite?
False
Is 1128523 prime?
False
Is 2752889 a composite number?
False
Is 1655347 composite?
True
Is 4542911 prime?
True
Is 54758311 a composite number?
True
Is 861239 a prime number?
True
Is 432019 composite?
True
Is 170316143 a prime number?
False
Is 147874037 a composite number?
False
Is 54488653 a composite number?
True
Is 223336353 a composite number?
True
Is 30117011 composite?
False
Is 7107341 composite?
True
Is 8740763 prime?
True
Is 5403821 a prime number?
False
Is 2403361 a composite number?
False
Is 21173221 prime?
True
Is 380233 composite?
True
Is 7824863 prime?
False
Is 8229301 a composite number?
True
Is 270735869 a prime number?
False
Is 2756294 prime?
False
Is 11824903 prime?
False
Is 480950473 a composite number?
False
Is 3004289 composite?
True
Is 1845329 composite?
True
Is 8230949 a prime number?
True
Is 4239237 prime?
False
Is 2262179 a prime number?
False
Is 1742177 a prime number?
False
Is 107056831 a composite number?
True
Is 57991523 a composite number?
False
Is 1799701 composite?
False
Is 4199989 composite?
False
Is 37263743 a composite number?
True
Is 9658637 a prime number?
False
Is 789617 a prime number?
False
Is 11183629 composite?
True
Is 42573341 composite?
True
Is 11864834 a